its digit of a?
3
Let y(x) = x**2 - 3*x - 3. Let b be y(3). Let g(r) = 8*r + 2. Let t be g(2). What is the units digit of ((-4)/b)/(3/t)?
8
Let l be 3/(-6) - 3/(-6). Let v(t) = t**2 + 24. What is the tens digit of v(l)?
2
Let m(l) = -3 + 4*l + 1 - 9 - 2*l. What is the tens digit of m(11)?
1
Let n = 25 + 12. What is the units digit of n?
7
Let s = -9 + 15. Suppose s - 2 = -a. Let w = 7 + a. What is the units digit of w?
3
Let p(y) = 3*y**2 + 3*y. Let j be p(-2). Suppose 3*b + j*n = n + 15, 0 = 3*n + 9. What is the tens digit of 3 + (b - -3) + -1?
1
Suppose -f + 13 = 4. Let v(u) = -u + 22. What is the units digit of v(f)?
3
Let u be -2 - (-6)/1 - 0. Suppose -u = 2*d - 60. What is the units digit of d?
8
Let m(d) = -d**3 + 5*d**2 + 6. Suppose i - 1 = 17. Let u = i + -13. What is the units digit of m(u)?
6
Let c = 5 - 5. Let k(d) be the first derivative of -d**4/4 - d**3/3 + 17*d - 1. What is the tens digit of k(c)?
1
Suppose -o + 4*o = -3. What is the units digit of -3 + (o - -3) + 22?
1
Suppose 5*n = 933 + 357. What is the units digit of n?
8
Let t(h) = -h**3 - h**2 - h. Let p(b) = 5*b**3 + 11*b**2 + 9*b - 8. Let q(w) = p(w) + 4*t(w). Let j be q(-6). What is the units digit of j/8 - 42/(-8)?
5
Suppose -3*r + 4*o + 979 = 0, -3 = -2*o + 1. What is the hundreds digit of r?
3
Suppose -3*i + q - 14 = -5*i, 0 = -i - 4*q - 7. What is the units digit of i?
9
Let w = 39 + 4. What is the tens digit of w?
4
Let d = 8 - 3. Suppose 0*n = -2*n + d*o + 65, 3*n - 2*o - 114 = 0. What is the units digit of n?
0
Suppose -3*l - 4*f + 30 - 74 = 0, 5*f - 38 = 4*l. What is the units digit of (l + 3)/(9/(-6))?
6
Let m be (-7)/1 + 6/2. Let s be m/6 - 438/(-9). Suppose s = -w + 5*w. What is the tens digit of w?
1
Let w = -6 - -13. Let s(f) = f**2 - 7*f + 9. What is the units digit of s(w)?
9
Suppose 5*z - 5*v + 30 = -3*v, -4*v + 20 = -5*z. Let p = 19 + z. What is the tens digit of p?
1
Let w be 1/((8/14)/4). Suppose -w = -2*n - 1. Suppose 0 = 4*t - 2*s - 34, -4 = n*t - 4*t + 2*s. What is the units digit of t?
0
Let q = 90 - -19. What is the hundreds digit of q?
1
Let g(s) = 3*s**2 - s + 2*s**2 - 3*s**2. Let d be g(-1). Let x = 8 - d. What is the units digit of x?
5
What is the tens digit of 1089/9 - (-3 + 0)?
2
Suppose 0 = 3*s - x - 20, -x + 3 = -1. What is the units digit of s?
8
Suppose -3*g = -3*p - 3, 6*p - 2*p + 24 = -g. Let t be 1*(4 + -2) + -2. What is the units digit of (-2)/(g + 2 + t)?
1
Suppose -3*g = -2*g - 80. Suppose z - g = -z. What is the tens digit of z?
4
Let s be ((-25)/10)/(1/(-2)). Suppose 0*p = 3*p - 243. Suppose l + 96 = s*x, 5*l + p = 4*x - 0*x. What is the tens digit of x?
1
Suppose -2*k = x - 4 - 10, 0 = x + 5*k - 20. What is the units digit of x?
0
Let p = -109 + 219. What is the tens digit of p?
1
Suppose 5*p - q - 251 = 0, -7*q + 2*q = -3*p + 133. Let h = p + -24. Suppose -2*r - 14 = -4*c + 4, 4*c + r - h = 0. What is the units digit of c?
6
What is the units digit of (-39)/78*-6*(13 - 1)?
6
Let m(c) be the third derivative of c**5/60 - c**4/8 - c**3/6 - 3*c**2. What is the units digit of m(4)?
3
Let y(h) = -2*h**3 - 2*h**2 - 4 + 2*h**3 + h**3 - 2*h. Let q be y(3). Let u = q + 15. What is the units digit of u?
4
Let r be -123*1*(-3)/(-3). Let o = -62 - r. What is the tens digit of o?
6
Let w be (24/18)/(3/18). What is the tens digit of ((-2)/w)/((-12)/1968)?
4
Let o(a) be the first derivative of 7*a**3/3 - a**2 - a - 2. Let b(u) = -u**2 - 3*u - 3. Let p be b(-2). What is the units digit of o(p)?
8
Let w(q) = 5 + q**2 - 4*q + 0*q**2 + 2 - 11. What is the tens digit of w(7)?
1
Let l(r) = 2*r + 6. Let n be l(-5). Let o = 7 + n. Suppose 3*q + q - 37 = -o*d, -5*d + 55 = 5*q. What is the units digit of d?
7
Suppose -11*n + 63 = -4*n. What is the units digit of n?
9
Let m(p) = -p**3 - 8*p**2 - 8*p - 5. Let h be m(-7). Suppose -5*u + h*u = 0, 0 = -2*j + 5*u. Suppose j = -3*v + 7 + 5. What is the units digit of v?
4
Let q(g) = g**2 - 2*g + 1. Suppose l = -5*x - 2, 0*l + 16 = 4*l - 4*x. What is the units digit of q(l)?
4
Let c(m) = 6*m**2 + 2*m - 2. Let d be c(-3). Suppose 0 = -4*n - n + v - d, -n = -v + 10. Let b = n - -22. What is the tens digit of b?
1
Let c be ((-1 - -2) + 0)*5. Suppose 5*l + 2*n = -3*n - 25, 0 = 4*l - n - c. Suppose -v - 4*w = -25, -4*v + l*v - 2*w + 58 = 0. What is the tens digit of v?
1
Suppose -3 = f - 12. Let b(c) = 2*c - 8. What is the units digit of b(f)?
0
Suppose -56 = -8*l + l. Suppose -2 = 4*i - 5*i. Suppose i*r = 2 + l. What is the units digit of r?
5
Let j(m) be the first derivative of m**2/2 - 3. Let t be j(3). Let b(w) = -w**3 + 2*w**2 + 4*w - 1. What is the units digit of b(t)?
2
What is the tens digit of 41 + 1 + (7 - 2) + -1?
4
Suppose -2*r + 6*r = -16, 3*n + 2*r = -2. Let z be 2*(2 + 2/n). Let g(a) = -a**2 + 6*a + 3. What is the units digit of g(z)?
3
Let s(b) = -b**3 + 9*b**2 + 12*b + 12. Let n(t) = t**3 + 7*t**2 - 9*t + 2. Let a be n(-8). What is the tens digit of s(a)?
3
Let i(t) = -22*t + 1. What is the units digit of i(-1)?
3
Let q = 21 + -2. What is the units digit of q?
9
What is the units digit of ((-134)/8)/(2/(-8))?
7
Let z(r) be the second derivative of -r**3/2 + 9*r**2 + 9*r. What is the units digit of z(-8)?
2
Suppose -y - 18 = -2*n, 5*y + 10 + 16 = 2*n. Let g(h) = -2*h - 2. Let k be g(-4). Let q = n + k. What is the units digit of q?
4
Let n be (-3 - -2)*-17 - -1. Suppose -3*y + 21 = y + t, n = 5*y + 4*t. Suppose 7*r - 4*r = y. What is the units digit of r?
2
Suppose -2*f - 2*f - 24 = 0. What is the units digit of (-57)/f - 2/(-4)?
0
Suppose -4*c + 3*c + 25 = n, -3*n - 4*c = -77. What is the units digit of n?
3
Let i(v) = v + 1. Let l be i(5). Suppose -3*k - 5*x = 3, l = -0*x - 2*x. Suppose 2*u = 2 + k. What is the units digit of u?
3
Suppose 4*d = -2*q - 50, 4*q + 4*d - 9*d = -152. Let t = q + 48. What is the units digit of t?
5
Suppose 0 = -3*h + 4*t + 445, 0*h + 5*t = 4*h - 593. What is the units digit of h?
7
Suppose 5*c + 4*w - 12 = 0, 2*w = -c - 2*w + 12. Let g = 1 + c. Suppose -6*u + 3*d = -u - g, -5*d = -u - 13. What is the units digit of u?
2
Let f(o) = -o**3 + 6*o**2 + 2. Let d be f(6). Let t = 17 + d. What is the units digit of t?
9
Let s(g) = g**3 + 7*g**2 + g + 9. Let z be s(-7). What is the units digit of (-604)/(-16) + z/8?
8
Suppose -2*t - 174 = -4*t. What is the tens digit of t?
8
Suppose 2*u = 4*g + 4 - 14, 15 = 4*g - 3*u. Suppose g*k = -k + 25. What is the tens digit of k?
2
Let n(o) = o**3 - o**2 - 3*o - 12. What is the units digit of n(5)?
3
Let k be 17/((2 + 0)/4). Suppose -4*h = -3*n + k, 5*n + h = -2*h + 76. What is the units digit of n?
4
Suppose -r - 4 = 0, -121 - 104 = -5*z - 5*r. What is the tens digit of z?
4
Suppose u - c - 5 = -2*u, 0 = -5*u - 3*c - 1. Suppose u + 9 = 2*s. Suppose -5 = 5*a + 10, -h + 30 = -s*a. What is the tens digit of h?
1
Suppose -7 = 2*m + 1. Let q(y) = 7*y + 2 - 3 - 4*y + y**2. What is the units digit of q(m)?
3
Suppose -t - 3*w - 34 = -6*t, 0 = t + 4*w + 7. Suppose t*u - 4 = g - 1, 0 = 5*u - 5. What is the units digit of g?
2
Let z = -4 + 4. Suppose -s - 3*s = 0. Suppose s = -a - z*a + 7. What is the units digit of a?
7
Suppose -4*k - 4*o + 8 + 0 = 0, 4*k + 3*o = 12. What is the units digit of k?
6
Suppose -4*h = -4*b + 48, 8*b - 4*b + h = 38. What is the tens digit of b?
1
Let z = 600 - 403. What is the units digit of z?
7
What is the tens digit of ((-16)/10 - -2)*65?
2
Let q = -4 + 7. Suppose y = q*y - 22. What is the units digit of y?
1
Let a(w) = -88*w + 4. What is the tens digit of a(-1)?
9
Let d = 11 + -1. Suppose x - 2*i + 3 = -3, 5*x = 5*i - 25. Let t = d + x. What is the units digit of t?
6
Suppose -6*a + 260 + 520 = 0. What is the hundreds digit of a?
1
Let h be (-68)/12 + (-1)/3. Let l = 11 + h. What is the units digit of l?
5
Suppose -3*o = -d - 380, -4*d = 3*o - o - 272. What is the tens digit of o?
2
Let p be ((-6)/5)/(-3)*-10. Let y = p - 0. What is the units digit of (-1)/(2*2/y)?
1
Let c(j) = 2*j**2 - 2*j - 3. What is the tens digit of c(5)?
3
Suppose 2*y = -3*b + 570, 0 = b - 6*y + 2*y - 204. What is the units digit of b?
2
What is the hundreds digit of (46/(-2))/(2/(36/(-3)))?
1
Let q(p) = -198*p. Let m be q(1). What is the units digit of (m/24)/(6/(-16))?
2
Let o be 40/(-22) - 2/11. Let q be o*1 - 1/(-1). Let u = 2 - q. W